e remainder when 4164 is divided by 9?
6
What is the remainder when 144 is divided by 29?
28
What is the remainder when 5730 is divided by 28?
18
What is the remainder when 54 is divided by 22?
10
Calculate the remainder when 132 is divided by 40.
12
Calculate the remainder when 536 is divided by 45.
41
What is the remainder when 46 is divided by 36?
10
What is the remainder when 114 is divided by 12?
6
What is the remainder when 2500 is divided by 278?
276
What is the remainder when 38 is divided by 24?
14
What is the remainder when 925 is divided by 29?
26
Calculate the remainder when 9342 is divided by 35.
32
Calculate the remainder when 66 is divided by 55.
11
Calculate the remainder when 754 is divided by 216.
106
Calculate the remainder when 501 is divided by 12.
9
What is the remainder when 119527 is divided by 446?
445
Calculate the remainder when 394 is divided by 117.
43
Calculate the remainder when 3660 is divided by 521.
13
Calculate the remainder when 982 is divided by 38.
32
What is the remainder when 1900 is divided by 58?
44
Calculate the remainder when 4825 is divided by 34.
31
Calculate the remainder when 141425 is divided by 11.
9
What is the remainder when 4212 is divided by 15?
12
Calculate the remainder when 6267 is divided by 209.
206
What is the remainder when 1860 is divided by 81?
78
What is the remainder when 3000 is divided by 83?
12
What is the remainder when 216 is divided by 55?
51
What is the remainder when 84 is divided by 10?
4
Calculate the remainder when 64 is divided by 27.
10
Calculate the remainder when 2319 is divided by 54.
51
What is the remainder when 399 is divided by 346?
53
Calculate the remainder when 11208 is divided by 95.
93
What is the remainder when 1441 is divided by 103?
102
What is the remainder when 31 is divided by 18?
13
What is the remainder when 418 is divided by 21?
19
Calculate the remainder when 118 is divided by 25.
18
Calculate the remainder when 673 is divided by 89.
50
What is the remainder when 273 is divided by 23?
20
What is the remainder when 10042 is divided by 186?
184
What is the remainder when 6067 is divided by 24?
19
What is the remainder when 834 is divided by 170?
154
What is the remainder when 885 is divided by 441?
3
Calculate the remainder when 487 is divided by 48.
7
Calculate the remainder when 14945 is divided by 74.
71
Calculate the remainder when 161 is divided by 27.
26
Calculate the remainder when 49 is divided by 15.
4
What is the remainder when 726 is divided by 26?
24
Calculate the remainder when 4025 is divided by 42.
35
What is the remainder when 68 is divided by 13?
3
What is the remainder when 8251 is divided by 21?
19
Calculate the remainder when 432 is divided by 61.
5
Calculate the remainder when 222 is divided by 28.
26
What is the remainder when 1738 is divided by 216?
10
What is the remainder when 189 is divided by 47?
1
What is the remainder when 158 is divided by 40?
38
Calculate the remainder when 376 is divided by 124.
4
Calculate the remainder when 382 is divided by 97.
91
Calculate the remainder when 1877 is divided by 157.
150
What is the remainder when 103 is divided by 55?
48
What is the remainder when 2488 is divided by 823?
19
Calculate the remainder when 111 is divided by 8.
7
Calculate the remainder when 6462 is divided by 1292.
2
What is the remainder when 1370 is divided by 138?
128
What is the remainder when 323 is divided by 27?
26
What is the remainder when 935 is divided by 231?
11
What is the remainder when 21191 is divided by 24?
23
Calculate the remainder when 87 is divided by 11.
10
Calculate the remainder when 499 is divided by 104.
83
What is the remainder when 812 is divided by 74?
72
What is the remainder when 265 is divided by 11?
1
What is the remainder when 566 is divided by 63?
62
Calculate the remainder when 305 is divided by 9.
8
What is the remainder when 64 is divided by 15?
4
Calculate the remainder when 158 is divided by 7.
4
Calculate the remainder when 7608 is divided by 3800.
8
What is the remainder when 3 is divided by 3?
0
Calculate the remainder when 6569 is divided by 1312.
9
Calculate the remainder when 28588 is divided by 16.
12
Calculate the remainder when 1446 is divided by 25.
21
What is the remainder when 23 is divided by 2?
1
What is the remainder when 111 is divided by 47?
17
What is the remainder when 1571 is divided by 117?
50
Calculate the remainder when 130 is divided by 27.
22
Calculate the remainder when 1083 is divided by 58.
39
Calculate the remainder when 270 is divided by 4.
2
What is the remainder when 124 is divided by 87?
37
What is the remainder when 23 is divided by 18?
5
Calculate the remainder when 940 is divided by 21.
16
What is the remainder when 1214 is divided by 365?
119
What is the remainder when 234 is divided by 5?
4
What is the remainder when 97 is divided by 17?
12
What is the remainder when 711 is divided by 55?
51
What is the remainder when 263 is divided by 109?
45
What is the remainder when 1080 is divided by 156?
144
What is the remainder when 1180 is divided by 32?
28
Calculate the remainder when 461 is divided by 51.
2
Calculate the remainder when 150 is divided by 72.
6
What is the remainder when 73 is divided by 28?
17
Calculate the remainder when 328 is divided by 24.
16
Calculate the remainder when 100 is divided by 43.
14
Calculate the remainder when 1627 is divided by 19.
12
What is the remainder when 45 is divided by 4?
1
What is the remainder when 481 is divided by 87?
46
What is the remainder when 771 is divided by 51?
6
What is the remainder when 15250 is divided by 123?
121
Calculate the remainder when 133 is divided by 71.
62
Calculate the remainder when 132 is divided by 9.
6
What is the remainder when 1273 is divided by 18?
13
What is the remainder when 985 is divided by 21?
19
What is the remainder when 652 is divided by 20?
12
What is the remainder when 951 is divided by 27?
6
What is the remainder when 20063 is divided by 127?
124
Calculate the remainder when 1189 is divided by 60.
49
Calculate the remainder when 159 is divided by 45.
24
What is the remainder when 509 is divided by 135?
104
What is the remainder when 452 is divided by 35?
32
Calculate the remainder when 185 is divided by 63.
59
Calculate the remainder when 9358 is divided by 11.
8
Calculate the remainder when 13 is divided by 2.
1
Calculate the remainder when 562 is divided by 38.
30
What is the remainder when 1343 is divided by 36?
11
Calculate the remainder when 34 is divided by 31.
3
What is the remainder when 188 is divided by 148?
40
What is the remainder when 29 is divided by 21?
8
Calculate the remainder when 326 is divided by 47.
44
Calculate the remainder when 1789 is divided by 5.
4
Calculate the remainder when 21 is divided by 10.
1
What is the remainder when 41719 is divided by 280?
279
Calculate the remainder when 9357 is divided by 130.
127
Calculate the remainder when 128 is divided by 42.
2
What is the remainder when 969 is divided by 54?
51
What is the remainder when 195 is divided by 9?
6
Calculate the remainder when 319 is divided by 230.
89
What is the remainder when 1127 is divided by 189?
182
What is the remainder when 44 is divided by 15?
14
What is the remainder when 777 is divided by 10?
7
Calculate the remainder when 157 is divided by 30.
7
What is the remainder when 470 is divided by 28?
22
Calculate the remainder when 225 is divided by 62.
39
What is the remainder when 762 is divided by 77?
69
What is the remainder when 1062 is divided by 28?
26
What is the remainder when 2727 is divided by 20?
7
What is the remainder when 23 is divided by 1?
0
What is the remainder when 701 is divided by 676?
25
Calculate the remainder when 1101 is divided by 24.
21
Calculate the remainder when 79 is divided by 12.
7
What is the remainder when 254 is divided by 51?
50
Calculate the remainder when 1246 is divided by 19.
11
Calculate the remainder when 920 is divided by 37.
32
What is the remainder when 3838 is divided by 30?
28
Calculate the remainder when 285 is divided by 49.
40
Calculate the remainder when 256 is divided by 71.
43
Calculate the remainder when 258 is divided by 40.
18
What is the remainder when 5056 is divided by 158?
0
What is the remainde